ighest common factor of p and k.
6
Let w be 5 + -4 - (3 - 34*7). Let f = w - 201. Let s(z) = z**3 - z**2 + 5. Let i be s(0). What is the greatest common divisor of i and f?
5
Suppose -8*y - 3*y = -3*y - 840. What is the highest common divisor of 1190 and y?
35
Suppose 5*k - 22 = -7. Let j = 21 + 12. Suppose v + 12 = -4*l + j, -v + 2*l = -3. What is the highest common factor of k and v?
3
Let v = -605 + 693. Let u(a) = -2*a + 8. Let r be u(7). Let f = r + 14. Calculate the greatest common factor of v and f.
8
Let m be ((-2)/4)/(10/(-1600)). Let q = 2791 - 2731. What is the greatest common divisor of m and q?
20
Suppose 3*j - 2*s - 47 = 35, 5*s = -3*j + 89. Suppose 3*t = -3, 40*t = 5*d + 44*t - 626. Calculate the greatest common factor of d and j.
14
Let d be ((-3910)/(-8) + 0)*4 + (-252)/(-126). Calculate the greatest common factor of d and 19.
19
Suppose 0 = -8*s + 54 + 610. Let h = 203 - s. Let d = 216 - h. Calculate the greatest common divisor of 12 and d.
12
Let i be 2358366/658 + (-18)/(-21). Calculate the greatest common factor of 15 and i.
15
Let b(f) = 466*f - 2167. Let j be b(5). What is the highest common factor of j and 4?
1
Let c be (-7)/(-2)*1*30/35. Let g be 1 - 203/((-3)/c). What is the highest common factor of g and 12?
12
Let g = -250 - -263. Suppose 50 = w - 2*x, 0 = -5*w + 9*x - g*x + 320. What is the highest common factor of 24 and w?
12
Let j be (1884/45*3)/((-319)/330 + 1). What is the highest common divisor of j and 24?
24
Suppose 0*o - 40 = -2*o. Suppose -2*m + r + 4*r = -1017, 2*m - 3*r - 1007 = 0. Let n = -476 + m. What is the highest common factor of n and o?
20
Let w(h) = -h**2 + 247*h - 8081. Let k be w(182). What is the greatest common factor of k and 69?
23
Suppose -5*l + 225 = -m - 128, 7*m + 23 = l. Calculate the greatest common divisor of l and 1626.
6
Let v(x) = -2 - 7 - 11*x - 15*x - 6*x. Let g be v(-4). Let d be g/5 + (3 - -2)/25. Calculate the highest common divisor of d and 216.
24
Suppose 90 = 6*n - n. Suppose 101*f - 20*f = -19*f + 16200. Calculate the greatest common divisor of n and f.
18
Let c = -4912 + 12505. Suppose -60*y + c = 2193. Calculate the greatest common divisor of y and 126.
18
Let t(h) = -h**3 - 14*h**2 + 13. Suppose -5*u = -5*g - 75, 28 + 2 = -2*g - 5*u. Let s be t(g). Calculate the highest common divisor of s and 14.
14
Let g be ((-360)/8)/(3/(-4)). Suppose -3*z - 20 = -2*m, -2*z - 8 - 5 = -m. Let u be 3/z*(-23 - 1). Calculate the highest common factor of u and g.
12
Let n = 80 - 8. Suppose -2*k - k + n = 0. Let o = 14830 - 14824. Calculate the highest common divisor of k and o.
6
Suppose 2*t + 3*r + r = -8, -5*t = 2*r + 4. Suppose 2*l - 53 = 4*f - 2281, t = -5*f - 4*l + 2759. Calculate the highest common divisor of 15 and f.
15
Let c(i) = -i + 14. Let z be c(6). Let d be 340/7 - z/14. Suppose -8*x = 9*x - 272. What is the greatest common factor of x and d?
16
Suppose 2*l + 12*j = 11*j + 252, -2*l + 256 = 2*j. Calculate the greatest common divisor of l and 1395.
31
Let t be (24/(-5))/(192/(-45) + 4). What is the greatest common factor of t and 10701?
9
Let p(z) = 125*z + 3837. Let b be p(-16). What is the highest common divisor of b and 167?
167
Let a(y) be the first derivative of 11*y**2/2 - 50*y + 232. Let d be a(5). What is the highest common divisor of 305 and d?
5
Let p(d) = -2*d + 1. Let l(o) = -o. Let j(y) = 7*l(y) - 3*p(y). Let m be j(9). Let c be (-8)/44 - 2*m/11. What is the greatest common divisor of c and 4?
2
Let z = -1067 + -1591. Let g be z/(-54) + 2/(-9). Calculate the greatest common factor of g and 14.
7
Let c be 17782/10 + (-60)/(-75). Calculate the highest common factor of c and 6.
3
Let a = 11 - 15. Suppose 7*f = -f + 72. Let l be 695/f + a/18. Calculate the greatest common factor of l and 7.
7
Let i = 9246 + -9046. What is the greatest common divisor of i and 5700?
100
Suppose 4*m = 5*m - 2, -x - 4*m + 125 = 0. Suppose x = 5*y + 7. Let a be y/88 + (-43)/(-4). What is the highest common divisor of 66 and a?
11
Let d = 10575 + -5311. Calculate the highest common factor of d and 21.
7
Let o be ((-2)/4)/(45/(-720)). Suppose 3 = 3*p - 3*w, o = 3*p - w - w. Let m be (-4)/14 - (-676)/14. What is the highest common divisor of p and m?
6
Let i be 962/(-10) + (156/30 - 5). Let f = i - -99. Suppose 38 = 2*k - 2*y, -2*k + f*y + 41 = 1. Calculate the greatest common divisor of 102 and k.
17
Suppose -2*w = -6*w + 2*d + 4568, 2*w - 2268 = 5*d. What is the highest common factor of 440 and w?
88
Suppose p = d - 12, -1450*d + 1445*d + 4*p = -57. Calculate the highest common factor of d and 8964.
9
Let x be (-14)/(1 + (-18)/12). What is the greatest common divisor of 2219 and x?
7
Let v be (-4 + -1 + 8)/(39/212264). What is the greatest common factor of v and 104?
104
Let n(j) = -4*j**3 + 5*j**3 - 38 - 22*j**2 + 23*j + 3. Let h be n(21). Let v = 5 + -4. Calculate the greatest common factor of v and h.
1
Let w be 24/20*40*3/4. Calculate the greatest common factor of w and 1332.
36
Suppose 2*b = -2*k + 3 - 1, 4*k - 18 = 3*b. Let p be (-4)/6 + 295/15 - -2. What is the highest common factor of k and p?
3
Let g = -70 + 289. Let k = 288 - g. What is the greatest common divisor of k and 598?
23
Let y be (11050/(-340))/((-10)/8). Let h be -3 - (2 + -3 + -4). Calculate the highest common factor of y and h.
2
Let q = -153 - -265. Let s be (6/(-8))/((-1)/q). Let z(b) = -b**3 - 121*b**2 + 377*b - 1. Let i be z(3). What is the greatest common factor of i and s?
14
Suppose 3*o = -5*l + 348, l = -3*l - 2*o + 280. Let b be ((-38257)/(-1713))/(((-1)/(-3))/1). Let c = l - b. What is the highest common divisor of c and 25?
5
Suppose o - 63 = -5*n, 0 = -3*n - o + 5*o + 24. Suppose -2*z + 3*d + 40 = 3*z, 40 = 5*z + d. Calculate the highest common divisor of n and z.
4
Let q(x) = -12*x**3 - 684*x**2 - 9*x - 324. Let p be q(-57). Let o = -28 + 49. What is the greatest common factor of o and p?
21
Let x be (17/3 + 1)*(-39 + 45). What is the highest common divisor of 8 and x?
8
Let t = 10913 - 6409. Calculate the highest common divisor of 40 and t.
8
Let a = -2648 - -2696. What is the highest common divisor of 304 and a?
16
Let q be ((-7976)/(-56) - -2) + ((-36)/(-14) - 2). Calculate the highest common divisor of q and 185.
5
Let j(t) = -16*t - 40. Suppose 23*x = 31*x + 104. Let y be j(x). What is the highest common factor of y and 21?
21
Let d be 8/(-44) + (-3528)/(-44) + -4. Let k = -51 + d. Calculate the highest common divisor of k and 1.
1
Let b(o) = 3*o + 1. Suppose 5*k + 57 - 87 = 0. Let l be b(k). What is the greatest common divisor of 19 and l?
19
Let d be 882/45 + ((-266)/35 - -7). Calculate the highest common factor of 513 and d.
19
Suppose 24*v - 2283 = 1317. What is the greatest common factor of 600 and v?
150
Suppose 5*o - 268 = -4*d, -o - d - 3*d = -44. Calculate the highest common factor of o and 1652.
28
Suppose 0 = -4*w - 33 + 673. Suppose -43*u + 46*u + 173 = 5*j, 249 = 6*j + u. What is the highest common factor of j and w?
40
Let s = -421 + 434. Suppose -35 = s*d - 152. Suppose 2*w = 4*h + 182, 0 = -2*w + h + 30 + 137. What is the greatest common divisor of d and w?
9
Let k be (-10122)/(-210) + ((-18)/(-10) - 2). Calculate the highest common divisor of 1520 and k.
16
Let g(w) = -198*w**2 - 2*w - 12. Let l be g(-3). Let t = -446 - l. Calculate the greatest common divisor of 22 and t.
22
Suppose 4*k = -4*x + 948, 0 = -3*x - k - 84 + 797. What is the greatest common factor of x and 306?
34
Let s be 35/105*3*23. Let q(a) = -9*a + 1. Let g be q(1). Let x(m) = -m**2 - 10*m + 7. Let z be x(g). What is the highest common divisor of z and s?
23
Suppose -5*w - 5*z = -6*w + 398, -5*w + 2044 = 2*z. What is the highest common factor of 1156 and w?
68
Let x be 621/(-6)*(-5 - (2 + 1)). Suppose 5*o = -4*o + x. Suppose 53 + 13 = 4*h - 3*g, -5*h - g + o = 0. Calculate the highest common divisor of h and 63.
9
Suppose 931*a - 16 = 929*a. Let j be (48/(-10))/((-7)/315). What is the highest common factor of j and a?
8
Let a = -4094 - -4115. Calculate the highest common divisor of 5649 and a.
21
Let d be 266/9 - 48/(-108). Let z be d + (35/5 - 8). What is the greatest common divisor of z and 609?
29
Suppose -9*a - 996 = -231. Let r be (-2 + a/10)*(-40)/12. Suppose n = 6*n - 25. What is the highest common d